he remainder when 549 is divided by h(-11).
4
Let g = 102 + 3. Suppose -4*o = o - g. Let i(d) = d**2 + 134*d + 4046. What is the remainder when i(-89) is divided by o?
20
Suppose -4*h + g = -2*g - 32, -4*h + 40 = -g. Let y = 44 + -44. Suppose y = -3*f + 12 + 51. Calculate the remainder when f is divided by h.
10
Let j = 2487 - 2475. Calculate the remainder when 166 is divided by j.
10
Suppose -68*p - 123 = -71*p - 5*w, 4*w = p - 24. Calculate the remainder when 6405 is divided by p.
33
Let t(d) = d**3 + 25*d**2 + 52*d - 288. Suppose -5*z + 201 = -149. Calculate the remainder when z is divided by t(-22).
10
Let c = -7171 + 7210. Suppose 0 = -4*b + 131 + 125. What is the remainder when b is divided by c?
25
Let b(l) = 43*l - 614. What is the remainder when b(19) is divided by 73?
57
Suppose x = -4*f + 77, 6*f - 34 = 3*f + 4*x. Suppose c = 24 + 39. Calculate the remainder when c is divided by f.
9
Let u = 53 - 47. Calculate the remainder when 5*26 - 2/6*u is divided by 48.
32
Suppose 43*i = 43101 + 34686. What is the remainder when i is divided by 300?
9
Let n(q) = q**3 - 15*q**2 + 40*q - 18. Suppose 5*d + 25 = m, -2*m + 3*d = -0*d - 36. Calculate the remainder when n(13) is divided by m.
14
Let u be 58/18 - 16/72. Suppose -4*n + 67 = 66*f - 61*f, 0 = -3*n + 3*f + 57. What is the remainder when 1/u - 1218/(-18) is divided by n?
14
Let x be (21/(-12))/((-2)/8). Suppose 3*u = x*u - 52. Suppose -1 = 2*f - 17. What is the remainder when u is divided by f?
5
Let q(n) = -3*n**3 + 6*n + 4*n**3 + 2 + 11 + 16*n**2 - 19. Calculate the remainder when q(-14) is divided by 34.
30
What is the remainder when 814/(-11)*42/12*-1 is divided by 9?
7
Let a = 60 + -176. Let m = a - -194. Suppose -3*i + 82 = -r, 3*r = -4*i + 7*i - m. What is the remainder when 137 is divided by i?
25
Suppose 0 = -5*f - 2*c - 1034, 3*c - 916 - 108 = 5*f. What is the remainder when 61 is divided by f/(-10) - (-2)/5?
19
Suppose 2*b - 1 = -9, t = 4*b + 17. Calculate the remainder when 90 is divided by (4 + 12 + 3)*t.
14
Let d = -2619 + 2755. What is the remainder when d is divided by 70?
66
Suppose 8*w - 3*t + 35 = 9*w, -3*t = -4*w + 155. What is the remainder when 531 is divided by w?
37
Let x be 21/(-9) + 2 + 25/3. Let s be (-3)/((-3)/(-4)) + 71. Suppose -x*h = -69 - s. What is the remainder when 33 is divided by h?
16
Let n(c) be the first derivative of 2*c**3/3 + 7*c**2/2 + 31*c - 107. What is the remainder when n(-8) is divided by 22?
15
Suppose 4*v + 3*u + 1097 = 0, -4*v + 8*v - 3*u + 1079 = 0. Calculate the remainder when (-21318)/v + (-6)/16 is divided by 16.
14
Suppose -5*v - 5*q + 588 = -522, -4*q = -3*v + 666. Suppose -52 + 20 = -2*z + r, 5*r = -4*z + 64. Calculate the remainder when v is divided by z.
14
Suppose 4*s + 38 = 2*u, 2*u + s + 30 - 93 = 0. Let w = -177 + 346. What is the remainder when w is divided by u?
24
Suppose 2*n + 5*d - 395 = 0, 2*n + d - 392 = -d. Let u = n + -101. Let o = 115 - u. Calculate the remainder when 35 is divided by o.
14
Let f = 17602 + -17466. Calculate the remainder when f is divided by 57.
22
Let y(t) = -t**2 - 41*t - 410. What is the remainder when 333 is divided by y(-22)?
5
Suppose -2635 = -5*u + 4*x, 5*u - 5*x = 73 + 2557. Let q = -463 + u. What is the remainder when q is divided by 5?
3
Suppose 23*a - 825 = 1567. Calculate the remainder when a is divided by 6966/90 - 6/(-10).
26
Let o(i) = 7*i**2 - 3*i - 93. Calculate the remainder when 260 is divided by o(5).
59
Let v = -2176 + 2182. Let n(w) = w**3 - 4*w**2 - 4*w - 2. What is the remainder when n(7) is divided by v?
3
Let h(s) = 71*s + 935. What is the remainder when h(2) is divided by 83?
81
Let z(g) = 127*g - 3236. Calculate the remainder when 972 is divided by z(27).
7
Let d(m) = m**3 + 5*m**2 + 9*m. Let x be d(-8). Let c = x + 304. What is the remainder when 113 is divided by c?
33
Suppose -2*p + 356 = 3*f - 4*p, -2*p - 8 = 0. Suppose 7*c + 1065 = 6469. Let u = 789 - c. Calculate the remainder when f is divided by u.
14
Suppose -39 = -3*t - 54. Calculate the remainder when 53 is divided by 114/3 + 8 + t.
12
Let b = 44 - 42. Suppose -3 = -3*a + b*a. Let r = -6 + 15. Calculate the remainder when r is divided by a.
0
Suppose -19174 = -36*h + 15976 - 5306. Let b(a) = a**3 - 5*a**2 - a - 14. Calculate the remainder when h is divided by b(6).
13
Calculate the remainder when 6*(430*(-7)/(-21) - 7) is divided by 325.
168
Suppose -16*a + 75 = -21. What is the remainder when (116/a)/(3 - 35/15) is divided by 19?
10
Suppose k + 2*o + 12 = 0, 3*k = 5*k - 3*o + 10. Let n(m) = 2*m**2 + 6 + 2*m + 5 + 3*m**2 - 4*m**2. What is the remainder when n(k) is divided by 21?
17
Let w(r) = r**2 - 6*r - 94. Let s be 1/((4/(-50))/((-114)/95)). What is the remainder when w(s) is divided by 28?
13
Let z = -790 + 1364. Let n = 605 - z. Suppose -y + 16 = y. Calculate the remainder when n is divided by y.
7
Let o = -6498 + 6565. Calculate the remainder when 120 is divided by o.
53
What is the remainder when (2890/425)/((-3)/(-330)) is divided by 323?
102
Let o be 1055 - (-7 + 21 - 7). What is the remainder when 366 is divided by o/14 + 102/(-119)?
70
Let z(g) = -g**2 - 14*g - 45. Let f(i) = -i**3 - 5*i**2 - 4*i - 6. Calculate the remainder when f(-5) is divided by z(-6).
2
Let h(z) = 51*z**2 - 10*z + 157. What is the remainder when h(-18) is divided by 34?
31
Suppose 3*g = -3*k + 1539, -7*g = -11*k + 7*k + 2074. What is the remainder when k is divided by 71?
18
Let q = 589 + -349. Suppose -9*j + q = 6*j. What is the remainder when 61 is divided by j?
13
Let f = 36 - -407. Suppose -222*r + 5346 + 19 = -77*r. What is the remainder when f is divided by r?
36
Suppose 3*j = 5*j - 6. Suppose j*s - 29 - 4 = 0. Let n = 661 - 645. Calculate the remainder when n is divided by s.
5
Calculate the remainder when 1481 is divided by 2*37 + (112/(-182))/((-4)/26).
77
Suppose -39*b - u = -37*b - 3160, -5*b - 4*u + 7891 = 0. Calculate the remainder when 1593 is divided by b.
10
Suppose -7*z - 361 = -3154. What is the remainder when 1/(-3*(-2)/114) is divided by (-2)/5 - z/(-35)?
8
Let r = -52 + -82. Let z = 159 + r. Calculate the remainder when 148 is divided by z.
23
Let p = 27 - 14. Let c = 21 - 12. What is the remainder when p is divided by c - (-1)/(-4 + 3)?
5
Let i = 14 - -58. Let s = i - 69. Suppose -s*o - 3*o + 96 = 0. Calculate the remainder when o is divided by 9.
7
Suppose 0 = -38*z + 36*z + 4. Suppose 5*v = -4*y + 478, 0*y = -y + z. Calculate the remainder when v is divided by 20.
14
Let y = 5 + 9. Suppose -3*k = 2*h - 17, 2*h - 12 = -0*h + 2*k. Suppose -h*f + 6*f + 80 = 0. Calculate the remainder when f is divided by y.
10
Suppose 7*z = 144 - 109. Suppose 0 = -z*o + 5*r + 42 + 48, -3*o = r - 74. Calculate the remainder when 500 is divided by o.
17
Suppose -4*k = 2*k - 5244. Suppose -5*t - 2*g - k = 0, -3*g - 61 - 293 = 2*t. What is the remainder when 55 is divided by t/2*(-4)/(0 + 12)?
26
Let x = 36807 - 30944. What is the remainder when x is divided by 309?
301
Let f be ((-6 - 47)*1)/((-3)/21). Suppose 0 = -3*p + f - 131. Calculate the remainder when 88 is divided by p.
8
Let x = -9 - -9. Suppose x = o - 5*o + 20. Calculate the remainder when (51/o)/((-4)/(-20)) is divided by 13.
12
Let w = 674 + -660. Suppose 53 = 5*o - 2*q, 5*q + 9 - w = 0. Calculate the remainder when o is divided by 11.
0
Let b = 743 + -738. Suppose 3*j = b*m - 16, -3*m + 6*m = -j + 18. What is the remainder when 39 is divided by m?
4
Suppose 16910 = 48*d - 15394. What is the remainder when 674 is divided by d?
1
Let t(z) = z**3 + 88*z**2 - 180*z + 29. Calculate the remainder when 4343 is divided by t(-90).
22
Let a = 37 - 22. What is the remainder when (-3)/14 + 49544/1232 is divided by a?
10
Let r be (27/(-36))/(1/(-8)). Let b(w) = -w**3 + 6*w**2 + w - 8. Let k be b(r). What is the remainder when 56 is divided by (-17 + k)/(-1) + 5/5?
16
Suppose 0 = -0*x + x - 142. Let c = -176 - -187. What is the remainder when x is divided by c?
10
Suppose -5*i + 7*u = 8*u - 255, 2*u = 5*i - 240. Suppose -i*j + 34*j = -576. What is the remainder when j is divided by 13?
10
Let p(i) = -140*i + 58. Calculate the remainder when 392 is divided by p(-1).
194
Let z be (-8)/(-32) + (-15)/(-4). Suppose 4*a - 21 = x + z, -3*a - 4*x + 33 = 0. Let i = 0 - -3. Calcula